{"id":36,"date":"2019-11-06T23:01:29","date_gmt":"2019-11-06T23:01:29","guid":{"rendered":"http:\/\/sandraperez.com.mx\/?page_id=36"},"modified":"2019-11-20T17:46:20","modified_gmt":"2019-11-20T17:46:20","slug":"gallery","status":"publish","type":"page","link":"https:\/\/sandraperez.com.mx\/index.php\/gallery\/","title":{"rendered":"GALER\u00cdA"},"content":{"rendered":"\n<p style=\"text-align:center\">En este espacio podr\u00e1s inspirarte para poder generar tu propio estilo.<\/p>\n\n\n\n<p style=\"text-align:center\">Recuerda que la imagen personal es muy importante a la hora de causar la primera impresi\u00f3n, es por ello que este sitio ser\u00e1 tu gu\u00eda, as\u00ed que \u00a1prep\u00e1rate para sacar la mejor versi\u00f3n de ti!<\/p>\n\n\n\n<hr class=\"wp-block-separator\"\/>\n\n\n\n<div style=\"height:29px\" aria-hidden=\"true\" class=\"wp-block-spacer\"><\/div>\n\n\n\n<ul class=\"wp-block-gallery alignfull columns-3 is-cropped wp-block-gallery-1 is-layout-flex wp-block-gallery-is-layout-flex\"><li class=\"blocks-gallery-item\"><figure><img loading=\"lazy\" decoding=\"async\" width=\"1024\" height=\"768\" src=\"https:\/\/sandraperez.com.mx\/wp-content\/uploads\/2019\/11\/image_02-1024x768.jpg\" alt=\"\" data-id=\"60\" data-link=\"https:\/\/sandraperez.com.mx\/image_02\/\" class=\"wp-image-60\" srcset=\"https:\/\/sandraperez.com.mx\/wp-content\/uploads\/2019\/11\/image_02-1024x768.jpg 1024w, https:\/\/sandraperez.com.mx\/wp-content\/uploads\/2019\/11\/image_02-300x225.jpg 300w, https:\/\/sandraperez.com.mx\/wp-content\/uploads\/2019\/11\/image_02-768x576.jpg 768w, https:\/\/sandraperez.com.mx\/wp-content\/uploads\/2019\/11\/image_02-755x566.jpg 755w, https:\/\/sandraperez.com.mx\/wp-content\/uploads\/2019\/11\/image_02.jpg 1963w\" sizes=\"auto, (max-width: 1024px) 100vw, 1024px\" \/><\/figure><\/li><li class=\"blocks-gallery-item\"><figure><img loading=\"lazy\" decoding=\"async\" width=\"1024\" height=\"576\" src=\"https:\/\/sandraperez.com.mx\/wp-content\/uploads\/2019\/11\/main-page-1024x576.jpg\" alt=\"\" data-id=\"39\" data-link=\"https:\/\/sandraperez.com.mx\/main-page\/\" class=\"wp-image-39\" srcset=\"https:\/\/sandraperez.com.mx\/wp-content\/uploads\/2019\/11\/main-page-1024x576.jpg 1024w, https:\/\/sandraperez.com.mx\/wp-content\/uploads\/2019\/11\/main-page-300x169.jpg 300w, https:\/\/sandraperez.com.mx\/wp-content\/uploads\/2019\/11\/main-page-768x432.jpg 768w, https:\/\/sandraperez.com.mx\/wp-content\/uploads\/2019\/11\/main-page-990x556.jpg 990w, https:\/\/sandraperez.com.mx\/wp-content\/uploads\/2019\/11\/main-page-1920x1080.jpg 1920w\" sizes=\"auto, (max-width: 1024px) 100vw, 1024px\" \/><\/figure><\/li><li class=\"blocks-gallery-item\"><figure><img loading=\"lazy\" decoding=\"async\" width=\"1024\" height=\"614\" src=\"https:\/\/sandraperez.com.mx\/wp-content\/uploads\/2019\/10\/Slide-inicio03-1-1024x614.png\" alt=\"\" data-id=\"18\" data-link=\"https:\/\/sandraperez.com.mx\/slide-inicio03-2\/\" class=\"wp-image-18\" srcset=\"https:\/\/sandraperez.com.mx\/wp-content\/uploads\/2019\/10\/Slide-inicio03-1-1024x614.png 1024w, https:\/\/sandraperez.com.mx\/wp-content\/uploads\/2019\/10\/Slide-inicio03-1-300x180.png 300w, https:\/\/sandraperez.com.mx\/wp-content\/uploads\/2019\/10\/Slide-inicio03-1-768x461.png 768w, https:\/\/sandraperez.com.mx\/wp-content\/uploads\/2019\/10\/Slide-inicio03-1.png 2000w\" sizes=\"auto, (max-width: 1024px) 100vw, 1024px\" \/><\/figure><\/li><\/ul>\n","protected":false},"excerpt":{"rendered":"<p>En este espacio podr\u00e1s inspirarte para poder generar tu propio estilo. Recuerda que la imagen &hellip; <span class=\"more-button\"><a href=\"https:\/\/sandraperez.com.mx\/index.php\/gallery\/\" class=\"more-link\">Continue Reading<span class=\"screen-reader-text\">GALER\u00cdA<\/span><\/a><\/span><\/p>\n","protected":false},"author":1,"featured_media":0,"parent":0,"menu_order":0,"comment_status":"closed","ping_status":"closed","template":"templates\/right-sidebar.php","meta":{"footnotes":""},"class_list":["post-36","page","type-page","status-publish","hentry"],"_links":{"self":[{"href":"https:\/\/sandraperez.com.mx\/index.php\/wp-json\/wp\/v2\/pages\/36","targetHints":{"allow":["GET"]}}],"collection":[{"href":"https:\/\/sandraperez.com.mx\/index.php\/wp-json\/wp\/v2\/pages"}],"about":[{"href":"https:\/\/sandraperez.com.mx\/index.php\/wp-json\/wp\/v2\/types\/page"}],"author":[{"embeddable":true,"href":"https:\/\/sandraperez.com.mx\/index.php\/wp-json\/wp\/v2\/users\/1"}],"replies":[{"embeddable":true,"href":"https:\/\/sandraperez.com.mx\/index.php\/wp-json\/wp\/v2\/comments?post=36"}],"version-history":[{"count":6,"href":"https:\/\/sandraperez.com.mx\/index.php\/wp-json\/wp\/v2\/pages\/36\/revisions"}],"predecessor-version":[{"id":119,"href":"https:\/\/sandraperez.com.mx\/index.php\/wp-json\/wp\/v2\/pages\/36\/revisions\/119"}],"wp:attachment":[{"href":"https:\/\/sandraperez.com.mx\/index.php\/wp-json\/wp\/v2\/media?parent=36"}],"curies":[{"name":"wp","href":"https:\/\/api.w.org\/{rel}","templated":true}]}}